n base 11, what is -52 - -12171?
1211a
In base 13, what is -3b32c - -7c?
-3b280
In base 2, what is -11 - 100010001011011000110001?
-100010001011011000110100
In base 11, what is 8673240 + 2?
8673242
In base 9, what is 56 - 1581310?
-1581243
In base 16, what is -10e + -2ec84?
-2ed92
In base 5, what is -4144222241 + -2?
-4144222243
In base 4, what is 220211 + -211302?
2303
In base 3, what is -1222 - -12120020000?
12120011001
In base 12, what is -307235 + 1?
-307234
In base 11, what is -2 - -610869?
610867
In base 6, what is 34 - -102232520?
102232554
In base 6, what is -1 - 102501042454?
-102501042455
In base 15, what is -23ad2 + a?
-23ac7
In base 9, what is -201156248 - 4?
-201156253
In base 7, what is -250005 - 361?
-250366
In base 9, what is 4586 + 85?
4682
In base 4, what is -102030200311 + 3?
-102030200302
In base 3, what is -22200 - -2201002010?
2200202110
In base 9, what is -12 - 16870286?
-16870308
In base 2, what is -10 - -100000000110001111?
100000000110001101
In base 8, what is 66563641 + 0?
66563641
In base 10, what is 198054 - 213?
197841
In base 8, what is 554 + 254133?
254707
In base 8, what is -2353 - -4173?
1620
In base 5, what is 2110442304 + -22?
2110442232
In base 9, what is -1036263 + -12?
-1036275
In base 13, what is 44934c - 60?
4492bc
In base 9, what is -243083 + -20?
-243113
In base 10, what is -1078737 + -6?
-1078743
In base 3, what is 11100211101221201 - 1?
11100211101221200
In base 9, what is -255 + -7407852?
-7408217
In base 6, what is 3153214 - 303?
3152511
In base 6, what is -45143204242 - 4?
-45143204250
In base 3, what is 2121100002200020 + -12?
2121100002200001
In base 9, what is -4 - 6800584?
-6800588
In base 6, what is -2402 - 1524122?
-1530524
In base 4, what is -2003 + -13012031?
-13020100
In base 15, what is -15d + 442b7?
44159
In base 4, what is -2323 - 13231323302?
-13231332231
In base 5, what is 2120143 + -1334?
2113304
In base 13, what is -6 - -1ac1c8?
1ac1c2
In base 9, what is -1507182 + -15?
-1507207
In base 14, what is 8bdd6b + -5?
8bdd66
In base 2, what is -1001000110110100010101011011 - -100?
-1001000110110100010101010111
In base 2, what is -10100000 - -10000011010100001?
10000011000000001
In base 14, what is 114c + c8?
1236
In base 9, what is -376162 + -1018?
-377181
In base 11, what is 4a197 + -7179?
43019
In base 10, what is 248 + 299050?
299298
In base 7, what is -150 + 464321?
464141
In base 7, what is -15335 - 20223?
-35561
In base 12, what is 0 + 9b6933?
9b6933
In base 9, what is 7282 - 10760?
-2467
In base 7, what is 3444 + -5660?
-2213
In base 11, what is 2 - -103893a2?
103893a4
In base 4, what is -20100 + 1230123213?
1230103113
In base 15, what is -d644a68 - 3?
-d644a6b
In base 7, what is 2250 - -433225?
435505
In base 13, what is -2894382 + -4?
-2894386
In base 10, what is 323962 + -5?
323957
In base 3, what is 12010022 + -100002120?
-10222021
In base 7, what is -433144536 - 2?
-433144541
In base 4, what is 1030232300 - 12?
1030232222
In base 8, what is -74355371 - 4?
-74355375
In base 14, what is baa06d + 3?
baa072
In base 5, what is 243 - -40313333?
40314131
In base 16, what is -338f6 + -6d?
-33963
In base 5, what is 131302404 - -11?
131302420
In base 11, what is -40 - 3233984?
-3233a14
In base 15, what is -9c1 - d49?
-181a
In base 14, what is -7507228a - 3?
-7507228d
In base 8, what is -1452 - -410?
-1042
In base 14, what is 79138 - 2c?
7910a
In base 4, what is -20 + -330301022?
-330301102
In base 10, what is 30948864 + 5?
30948869
In base 8, what is 4 + -1120461062?
-1120461056
In base 15, what is ce9 + 2549?
3343
In base 16, what is -1e + 11ab2?
11a94
In base 12, what is 4967a + 10?
4968a
In base 4, what is -21233332033 + 11200?
-21233320233
In base 15, what is 2880e + a72?
29381
In base 7, what is -351332 - -234?
-351065
In base 12, what is 1 + 7720a5?
7720a6
In base 14, what is d2 + 94c0c?
94d00
In base 11, what is -85a7737 + -3?
-85a773a
In base 8, what is -35757 - 3437?
-41416
In base 16, what is 14f7 + 23?
151a
In base 14, what is -2b641 - -3b?
-2b604
In base 14, what is -6 - -1834081?
1834079
In base 13, what is -1 + -3169b0c?
-3169b10
In base 11, what is -5922 + -83?
-59a5
In base 15, what is 0 + -16d6b99?
-16d6b99
In base 11, what is -2 + -22497083?
-22497085
In base 4, what is 3011100200 + -3?
3011100131
In base 15, what is b - -1c09422?
1c0942d
In base 14, what is c21b - -90a?
cb27
In base 6, what is 45314 + 1102302?
1152020
In base 8, what is -6417 + 422275?
413656
In base 16, what is 17f14 + 5cb?
184df
In base 10, what is 1785973 - 68?
1785905
In base 13, what is c27 - -93?
cba
In base 4, what is 323310 - -1120032020?
1121021330
In base 9, what is -855576 + 60?
-855516
In base 13, what is 15b6616 + -37?
15b65ac
In base 6, what is -2335 - 215312?
-222051
In base 8, what is 7727442 - 5?
7727435
In base 10, what is 1391642 - -71?
1391713
In base 2, what is 100100111001011111110 - -1?
100100111001011111111
In base 14, what is 8c76 + 283d?
b6b5
In base 5, what is 10143044424 + 34?
10143100013
In base 11, what is 12368a + 7?
123696
In base 15, what is -e - -14b82c?
14b81d
In base 4, what is -21 + 1023221200113?
1023221200032
In base 8, what is -33 - -2405601?
2405546
In base 9, what is -1 + 257440?
257438
In base 10, what is 18 + -161956?
-161938
In base 7, what is 35452600 + -21?
35452546
In base 15, what is 3d4199c - -3?
3d419a0
In base 3, what is 2 + 201202010120120?
201202010120122
In base 4, what is -31312003012122 - -3?
-31312003012113
In base 4, what is -2 + 11233103000?
11233102332
In base 4, what is 103232011 - -301?
103232312
In base 9, what is -140 - -3165577?
3165437
In base 10, what is -4 - 363040?
-363044
In base 3, what is -10012 + 212120112?
212110100
In base 14, what is -25c1d - 11?
-25c30
In base 8, what is -1231 - 321321?
-322552
In base 9, what is -76728568 + 3?
-76728565
In base 9, what is -73345555 + -30?
-73345585
In base 2, what is -1001101101111 + -11100111001?
-1101010101000
In base 14, what is 36a207 + 1?
36a208
In base 5, what is 243344 + 4400?
303244
In base 2, what is 11001000111110 - -10101100010?
11011110100000
In base 11, what is 4 - -4a879755?
4a879759
In base 8, what is 4471 + -42242?
-35551
In base 13, what is 650 - 7c17?
-7597
In base 8, what is 1320630 + -1173?
1317435
In base 12, what is -2 + 1091167?
1091165
In base 2, what is 100000100000000111110100101 + 11?
100000100000000111110101000
In base 8, what is 735111 - -1222?
736333
In base 3, what is -1000210211012 + -21?
-1000210211110
In base 6, what is -4 + -4112025?
-4112033
In base 11, what is -16 - -4233a2?
423387
In base 9, what is 4 - 20370072?
-20370067
In base 14, what is 1d - 445469?
-44544a
In base 3, what is 20120220102002101 - 11?
20120220102002020
In base 3, what is 11 + 2212120012021?
2212120012102
In base 4, what is 11 + 103120132121?
103120132132
In base 15, what is -dc + eed?
e11
In base 9, what is -328 + -16727?
-17156
In base 14, what is 5d9312a + 0?
5d9312a
In base 8, what is 130623 + 570?
131413
In base 14, what is 0 - 69bc5?
-69bc5
In base 4, what is -30120022032 - 0?
-30120022032
In base 11, what is -2 + -54aaa97?
-54aaa99
In base 14, what is 88 - -b3025?
b30ad
In base 3, what is 2201122120210010 + -1?
2201122120210002
In base 8, what is 57036 + 4?
57042
In base 11, what is -7a671620 - -6?
-7a671615
In base 5, what is 2401010224 - -1?
2401010230
In base 14, what is -30 + 16b567?
16b537
In base 2, what is -11000111100010 - 110000100?
-11001101100110
In base 13, what is 0 + 1006a49?
1006a49
In base 5, what is 2242241 + -3041?
2234200
In base 9, what is -1530 + -80476?
-82116
In base 6, what is 225031 - -22541?
252012
In base 2, what is 10 + -1110111111001100111000?
-1110111111001100110110
In base 11, what is 33806 - 9312?
254a4
In base 16, what is -144305 + -1?
-144306
In base 10, what is 859 - 59546?
-58687
In base 2, what is -101100001001101011 + 100110111?
-101100000100110100
In base 4, what is -10033 + 110203320?
110133221
In base 4, what is 23323 - 3032213?
-3002230
In base 6, what is -10521214112 + 0?
-10521214112
In base 9, what is -1243 + 12777?
11534
In base 15, what is b29d0 - -b?
b29db
In base 9, what is -307 + -436337?
-436645
In base 13, what is 26 + -436324?
-4362cb
In base 13, what is -2 - 1850b726?
-1850b728
In base 8, what is -5 + 21347072?
213470